49
List the prime factors of 1057165.
5, 211433
What are the prime factors of 1036155?
3, 5, 67, 1031
What are the prime factors of 395828?
2, 17, 5821
List the prime factors of 72774.
2, 3, 13, 311
List the prime factors of 21071223.
3, 113, 20719
What are the prime factors of 463828?
2, 17, 19, 359
What are the prime factors of 523728?
2, 3, 3637
What are the prime factors of 2324876?
2, 31, 18749
What are the prime factors of 634509?
3, 70501
List the prime factors of 473080.
2, 5, 11827
List the prime factors of 2769334.
2, 17, 47, 1733
What are the prime factors of 366991?
41, 8951
List the prime factors of 37420106.
2, 103, 373, 487
What are the prime factors of 227785?
5, 45557
What are the prime factors of 59213?
7, 11, 769
What are the prime factors of 8854714?
2, 11, 402487
What are the prime factors of 389?
389
What are the prime factors of 16447847?
13, 41, 30859
List the prime factors of 10967246.
2, 5483623
List the prime factors of 1248102.
2, 3, 29, 797
List the prime factors of 1388647.
13, 37, 2887
What are the prime factors of 388936?
2, 61, 797
What are the prime factors of 113845?
5, 22769
What are the prime factors of 215771?
215771
What are the prime factors of 27181?
7, 11, 353
List the prime factors of 4008129.
3, 283, 4721
What are the prime factors of 630033?
3, 210011
List the prime factors of 102414.
2, 3, 13, 101
What are the prime factors of 917729?
917729
List the prime factors of 68517.
3, 23, 331
What are the prime factors of 3346337?
19, 176123
What are the prime factors of 823523?
149, 5527
List the prime factors of 3147198.
2, 3, 19, 1453
List the prime factors of 599489.
11, 54499
List the prime factors of 8950707.
3, 37, 26879
List the prime factors of 105012.
2, 3, 2917
List the prime factors of 469896.
2, 3, 7, 2797
What are the prime factors of 6533201?
37, 176573
List the prime factors of 1210271.
31, 39041
List the prime factors of 1419725.
5, 109, 521
What are the prime factors of 234604?
2, 89, 659
List the prime factors of 11397301.
61, 186841
List the prime factors of 5704902.
2, 3, 7, 19, 2383
What are the prime factors of 189455?
5, 7, 5413
What are the prime factors of 8632481?
11, 13, 17, 53, 67
List the prime factors of 2510642.
2, 1255321
What are the prime factors of 572232?
2, 3, 113, 211
What are the prime factors of 8266229?
8266229
What are the prime factors of 143643?
3, 47881
What are the prime factors of 5618963?
7, 802709
List the prime factors of 128846.
2, 23, 2801
What are the prime factors of 643253?
13, 49481
What are the prime factors of 32344?
2, 13, 311
What are the prime factors of 2904543?
3, 322727
List the prime factors of 2178847.
11, 1637
What are the prime factors of 3231570?
2, 3, 5, 107719
What are the prime factors of 1321023?
3, 11, 40031
What are the prime factors of 5768401?
5768401
What are the prime factors of 540290?
2, 5, 97, 557
What are the prime factors of 3255281?
3255281
What are the prime factors of 354567?
3, 118189
What are the prime factors of 171362?
2, 47, 1823
What are the prime factors of 4125?
3, 5, 11
List the prime factors of 1813057.
151, 12007
List the prime factors of 3858880.
2, 5, 31, 389
What are the prime factors of 133796?
2, 13, 31, 83
What are the prime factors of 365543?
43, 8501
What are the prime factors of 1725666?
2, 3, 287611
What are the prime factors of 1577877?
3, 7, 227, 331
List the prime factors of 540651.
3, 17, 10601
List the prime factors of 8396828.
2, 11, 190837
What are the prime factors of 900957?
3, 300319
What are the prime factors of 194740?
2, 5, 7, 13, 107
List the prime factors of 3508214.
2, 677, 2591
List the prime factors of 2551211.
13, 196247
What are the prime factors of 1014821?
1014821
What are the prime factors of 710951?
710951
List the prime factors of 6799435.
5, 19, 3767
What are the prime factors of 379362?
2, 3, 23, 2749
What are the prime factors of 278887?
7, 39841
What are the prime factors of 1182908?
2, 295727
List the prime factors of 470879.
23, 59, 347
What are the prime factors of 26231560?
2, 5, 157, 4177
What are the prime factors of 21045020?
2, 5, 937, 1123
What are the prime factors of 14749605?
3, 5, 13, 19, 1327
What are the prime factors of 2723847?
3, 7, 129707
List the prime factors of 664691.
664691
List the prime factors of 1978080.
2, 3, 5, 13, 317
What are the prime factors of 6007?
6007
List the prime factors of 2844496.
2, 139, 1279
List the prime factors of 7877198.
2, 7, 83, 6779
What are the prime factors of 4227102?
2, 3, 11, 37, 577
List the prime factors of 2272546.
2, 163, 6971
List the prime factors of 230994.
2, 3, 41, 313
List the prime factors of 191042.
2, 59, 1619
List the prime factors of 2095465.
5, 73, 5741
List the prime factors of 179280.
2, 3, 5, 83
List the prime factors of 2479215.
3, 5, 19, 8699
What are the prime factors of 10873864?
2, 1359233
List the prime factors of 942321.
3, 314107
List the prime factors of 3624227.
313, 11579
What are the prime factors of 2013306?
2, 3, 307, 1093
List the prime factors of 23954630.
2, 5, 7, 19, 31, 83
List the prime factors of 2803849.
19, 147571
List the prime factors of 30418072.
2, 1487, 2557
What are the prime factors of 8631700?
2, 5, 7, 11, 19, 59
List the prime factors of 986939.
563, 1753
What are the prime factors of 1815588?
2, 3, 16811
What are the prime factors of 421980?
2, 3, 5, 13, 541
List the prime factors of 146359.
146359
What are the prime factors of 655566?
2, 3, 37, 2953
What are the prime factors of 2304328?
2, 13, 22157
What are the prime factors of 7432925?
5, 297317
List the prime factors of 22076319.
3, 17, 432869
What are the prime factors of 3068692?
2, 11, 97, 719
List the prime factors of 917964.
2, 3, 43, 593
List the prime factors of 451887.
3, 31, 43, 113
List the prime factors of 41677482.
2, 3, 7, 11, 59, 139
List the prime factors of 499482.
2, 3, 27749
What are the prime factors of 433758?
2, 3, 13, 67, 83
List the prime factors of 154446.
2, 3, 25741
List the prime factors of 383487.
3, 13, 9833
List the prime factors of 913184.
2, 28537
What are the prime factors of 5152755?
3, 5, 343517
What are the prime factors of 13462984?
2, 139, 12107
What are the prime factors of 2198011?
2198011
What are the prime factors of 420124?
2, 105031
List the prime factors of 589412.
2, 147353
What are the prime factors of 5178324?
2, 3, 227, 1901
List the prime factors of 1520350.
2, 5, 13, 2339
List the prime factors of 517718.
2, 17, 15227
List the prime factors of 8127994.
2, 7, 79, 7349
What are the prime factors of 12606046?
2, 6303023
What are the prime factors of 334507?
334507
What are the prime factors of 1109781?
3, 4567
What are the prime factors of 5017?
29, 173
What are the prime factors of 11320867?
1489, 7603
List the prime factors of 173071.
19, 9109
List the prime factors of 15522897.
3, 13, 398023
What are the prime factors of 196462?
2, 7, 14033
What are the prime factors of 737403?
3, 23, 10687
List the prime factors of 3721630.
2, 5, 11, 23, 1471
What are the prime factors of 461530?
2, 5, 46153
What are the prime factors of 5383420?
2, 5, 7, 38453
List the prime factors of 1633757.
1633757
List the prime factors of 3884627.
41, 94747
What are the prime factors of 20209?
7, 2887
What are the prime factors of 1070727?
3, 7, 67, 761
What are the prime factors of 186337?
17, 97, 113
List the prime factors of 3652992.
2, 3, 7, 151
List the prime factors of 2996158.
2, 11, 136189
What are the prime factors of 19839278?
2, 53, 187163
List the prime factors of 218744.
2, 37, 739
What are the prime factors of 578132?
2, 19, 7607
List the prime factors of 963423.
3, 167, 641
List the prime factors of 176409.
3, 17, 1153
What are the prime factors of 76729?
277
List the prime factors of 1552616.
2, 13, 14929
What are the prime factors of 850429?
179, 4751
What are the prime factors of 125562?
2, 3, 17, 1231
What are the prime factors of 336735?
3, 5, 7, 1069
List the prime factors of 419612.
2, 23, 4561
What are the prime factors of 2223081?
3, 7, 71
List the prime factors of 1013043.
3, 337681
What are the prime factors of 2232459?
3, 248051
What are the prime factors of 96817?
7, 13831
List the prime factors of 4984818.
2, 3, 43, 139
List the prime factors of 1990